(c).
-13
Let b(h) = h - 2 + 2 + 5. Let c be 745 - 26 - (-2 - -6). Let z = c + -715. Calculate b(z).
5
Let o(y) = 2*y**2 + y**3 + 4*y - 7 - 7*y - 6*y**2. Let c be ((-539)/(-308))/((-2)/(-48)). Suppose -3 - c = -9*s. Give o(s).
3
Let p(y) = 37*y**3 - y**2 + 1. Let r = -291 + 289. Let d be (r/(-4))/((-29)/(-58)). Determine p(d).
37
Let y(p) = 4*p - 9. Let s(w) = 4*w**2 - 49*w + 37. Let x be s(11). Let g = 24 + x. Calculate y(g).
15
Let v(w) = -3*w**2 + 11*w + 5. Let k be v(0). Let a(t) = -t**2 + 12*t - 5. Give a(k).
30
Let b be 1*4/(-8) - 2922/(-12). Let f = -241 + b. Let u(d) = d + 1 - 3*d**2 + 3*d + 2*d**2. What is u(f)?
5
Let g(z) = 2 - 5*z - 379*z**2 + 1131*z**2 - 377*z**2 - 377*z**2. Suppose 2*u + 80 - 86 = 0. Determine g(u).
-31
Let b = -737 - -742. Suppose 22*t = 17*t + 4*a, -b*t - 2*a - 30 = 0. Let d(y) = y**2 + 8*y + 2. What is d(t)?
-14
Let r = 46 - 51. Let g be ((-20)/6)/r - (-850)/(-51). Let l(m) = -m**2 - 16*m + 1. Give l(g).
1
Let k = -687 + 692. Suppose -4*n - 3*f = -6*n + 4, 5*n = k*f. Let c(a) = 6*a - 2. Calculate c(n).
-26
Let f(n) = n**2 - 98*n + 2330. Let k be f(40). Let l(c) = 2*c**2 + 8*c - 6. Let w(x) = 3*x**2 + 17*x - 12. Let g(h) = -5*l(h) + 3*w(h). Determine g(k).
4
Let n(h) = -h**2 - 5*h - 6. Let j be n(-3). Let f(p) be the first derivative of -7 + 1/2*p**2 - 10*p. Determine f(j).
-10
Let q(h) = -11 + 5 + 17 - 14 + 7 - 2*h. Suppose j - 1 = -4. What is q(j)?
10
Suppose -2 = -2*c - 10. Let l(a) = a**3 - 6*a**2 - 9*a - 2. Let r(w) = -8*w - 58*w**2 + 29*w**2 + w**3 + 25*w**2 - 1. Let o(q) = -4*l(q) + 5*r(q). What is o(c)?
19
Let p(u) = u**3 + u**2 - u - 6. Let d = -523 - -527. Suppose 7*v = -4*t + 2*v, 0 = 5*t + d*v. Calculate p(t).
-6
Let s(f) = -f**2 - 1. Suppose 5*o = 3*j + 6028, 10*o = 5*o + 5*j + 6030. Suppose -1207 = -k - o. Determine s(k).
-5
Let t(b) be the third derivative of 0 - 196*b**2 + 1/8*b**4 - 5/6*b**3 + 0*b. What is t(-4)?
-17
Let b(t) = -5*t - 1. Let u(d) = d**2 + 12*d + 41. Let n be u(-7). Suppose -127 + 151 = -n*m. Give b(m).
19
Suppose -1974 = 96*a + 138. Let h(f) = -15*f - 317. What is h(a)?
13
Let r(x) = 15*x + 1899 + 16*x + 3*x**2 - 3912 + 2018. Suppose b + 7 = 2*c + c, 5 = -5*c. What is r(b)?
-5
Let t(q) = 7*q**3 - 5*q - 5. Let r(z) = 8*z**3 - z**2 - 6*z - 6. Let l(a) = -2*r(a) + 3*t(a). Let w be ((-17)/136)/(24/384). What is l(w)?
-29
Let p(o) = 11*o**2 + 3*o - 15. Suppose -241 = -78*y - 8 + 1. Give p(y).
93
Suppose 146*n = 208*n - 186. Let w(i) = -i**3 + 2*i**2 - 5. Give w(n).
-14
Suppose -4*l + 38 = 5*f, -296 + 294 = -l. Let h(y) = y**3 - 7*y**2 + 4*y + 19. Give h(f).
7
Suppose -94 = 19*m + 9*m + 19*m. Let z(v) = -23*v + 5. Give z(m).
51
Suppose -j + 112 = -13*n, 5*n + 0*n + 5*j = 0. Let d(c) = -c**2 - 59*c - 420. Give d(n).
-12
Let q(u) = u**2 + 137*u - 274. Let s be q(2). Let x(w) be the second derivative of 5/12*w**s - 14*w - 1/2*w**3 - 1/20*w**5 + 3/2*w**2 + 0. Determine x(5).
-12
Suppose 2*x = -0*x + 3*b + 14, 2*x + 4*b - 28 = 0. Suppose x - 13 = -g. Let n(a) = a + 1. Let m be n(g). Let v(l) = 2*l - 3. What is v(m)?
5
Let r(i) be the third derivative of -4*i**2 + 1/24*i**4 - 2*i**3 + 0*i + 0 + 1/12*i**5. Let o(j) be the first derivative of r(j). What is o(-1)?
-9
Let i(q) = -6*q**2 + 5*q + 12. Let h(a) = 24*a**2 - 22*a - 54. Let v(l) = -4*h(l) - 18*i(l). Calculate v(-2).
52
Suppose 2*n - 14*f + 18 = -15*f, 0 = -5*n - 6*f - 52. Let q(s) = -s**2 - 14*s - 76. Calculate q(n).
-28
Let w(v) = 2*v**2 - 11*v - 74. Let q be w(-5). Suppose -3*z + q*z = -84. Let i(r) = r + r + 0*r. Determine i(z).
-6
Suppose -3*l = 5*c + 51, 3*c = 7*c + l + 45. Let w(u) = u**3 + 9*u**2 - 41*u - 25. Calculate w(c).
35
Suppose -4*s + 2 = -10. Suppose -s*x + 18 = -6*x. Let u(m) be the first derivative of -m**3/3 - 5*m**2/2 + 6*m + 187. Determine u(x).
0
Let x(o) be the second derivative of -o**3/6 + 15*o**2 + 880*o + 1. Calculate x(7).
23
Suppose 11 = 34*n + 113. Let w(r) = 11*r + 3. Give w(n).
-30
Let u(l) = 5*l - 6. Let q be u(2). Let v be -1*((-2)/q*-2 + -7). Let i(n) = -n + 5 - v + 0 + 3*n. What is i(-1)?
-3
Let n(m) = 7*m + 261. Let h be n(-37). Let k(d) = -6*d - d**2 + 2*d - 7 - d - h. What is k(-7)?
-23
Let t(z) = 83 + 3*z - 167 + 100 + z - z. Calculate t(-25).
-59
Suppose 0*f + 3*t = 4*f - 98, -4*f - 5*t + 146 = 0. Let y(m) = m**2 - 30*m + 28. Give y(f).
-1
Let y = -12 + 17. Suppose 1182 = 5*u + b + 3*b, 3*u + y*b = 717. Let q(j) = u - 2*j + j - 235. Determine q(8).
-9
Let c(o) = 7*o - 1. Let x(m) = 2*m**2 - 21*m - 1. Let r(d) = 5*c(d) + x(d). Determine r(-6).
-18
Suppose 0*g + 4*g = -5*n + 41207, -41177 = -4*g + 5*n. Let d(l) = 10298*l - g*l - 17*l**2. What is d(-1)?
-17
Let q = 575 - 308. Let f = q - 258. Let d(b) = b**2 - 7*b - 1. Give d(f).
17
Let g(u) be the first derivative of -5*u**3/3 + 6*u**2 + 4*u - 763. Calculate g(3).
-5
Let q(k) = -45 + 39 + 9 - 96 - 21 - 8*k. Calculate q(-18).
30
Let s(w) = -w**3 + 5*w**2 - 3*w - 3. Let z(i) = -19*i - 28. Let d be z(8). Let m = d + 184. Give s(m).
1
Let k(s) = s**2 - 15*s - 21. Let p be (9 - (-136)/(-16))/(8/224). Calculate k(p).
-35
Let l(k) = k**2 - 25*k + 9. Let b be 1/(8*(-6)/(-1200)). Give l(b).
9
Suppose 8*u = 5*u + 675. Let n = -232 + u. Let m(d) = -d**3 - 6*d**2 + 10*d + 9. Determine m(n).
-12
Let k = -87 - -90. Let g(y) = 5*y**3 - 12*y**2 + 3*y + 4. Let t(u) = -14*u**3 + 34*u**2 - 9*u - 12. Let s(b) = -11*g(b) - 4*t(b). What is s(k)?
4
Let a = 11 + -11. Suppose a = b - 6*b - 15. Let h(x) = 1392113 - 1392109 + x**2 + x + 2*x**2. Determine h(b).
28
Let o(a) be the first derivative of -4*a**3/3 - a**2 + 10*a - 1319. What is o(0)?
10
Let h = 2192 - 2192. Let u(y) be the second derivative of -1/12*y**4 + 1/2*y**3 + h + y**2 - 13*y. Give u(3).
2
Let z(d) = d**3 + 2*d**2 - d - 1. Suppose 3*c + 26 + 47 = 5*m, -2*c - 26 = -2*m. Suppose 0 = 15*k - m*k - 4. Give z(k).
1
Let z be (1/3 - (-4154)/2010)/((-6)/(-15)). Let t(j) = j**3 - 8*j**2 + 12*j - 8. Determine t(z).
-8
Let c = -110 - 52. Let z = c - -159. Let h(f) = -f**3 - 2*f**2. Calculate h(z).
9
Let o(b) = 18*b - 55. Let a be o(7). Suppose -172 = 28*z - a*z. Let r(k) = k**2 - 2*k + 2. Give r(z).
10
Let t(k) be the first derivative of 16*k**3/3 - k**2/2 + 1. Suppose 8 = 225*h - 227*h - a, 5*h = a + 15. Determine t(h).
15
Let a(f) = 1983*f**2 + 1990*f**2 - 3970*f**2 + 4*f. Calculate a(-5).
55
Let c(n) be the second derivative of n**5/20 + n**4/3 + 5*n**3/3 + 25*n**2/2 - 14617*n. Calculate c(-3).
4
Let m be 1*((-10)/(-6) + 13/39). Let c be (10/4 - 3)*m. Let t(p) = -5*p**2 + 4*p. Let x(s) = -3*s**2 + 3*s. Let u(y) = 5*t(y) - 7*x(y). Give u(c).
-3
Let m be 182/(-42)*(3 - 0). Let a(x) = -6*x - 75. Calculate a(m).
3
Let g(t) be the first derivative of t**5/40 + 9*t**4/8 - t**3/3 + 22*t - 3. Let u(b) be the third derivative of g(b). Give u(-7).
6
Let l be 2/2*((-3)/1 + 0). Let r be l/9 + 13/3. Let v(u) = -u**2 + 2*u - 4. What is v(r)?
-12
Let z(n) be the second derivative of n**5/20 + n**4/2 - n**3/3 + 5*n**2/2 - n. Let x be (-1*7/14*-10)/((-40)/48). Give z(x).
17
Let x be ((-13)/3)/((-38 + 21)/51). Let r(l) = l**2 - 7*l - 28. Give r(x).
50
Let s(a) be the third derivative of a**5/60 + 3*a**4/4 + 47*a**3/6 - 1408*a**2. What is s(-15)?
2
Let x(z) = -2*z**3 - 18*z**2 - 20*z - 18. Suppose -3*b + 2*b = 2*b + 24. Determine x(b).
14
Let y(u) = u**3 + 4*u**2 - 7*u - 2. Let j(z) = -z**2 - 2*z - 6. Let s be j(3). Let b = 22 + s. Suppose q + b = -4. What is y(q)?
8
Let n(b) be the first derivative of b**3/3 - 2*b**2 + 4*b - 896. Determine n(3).
1
Let v = 186 + -166. Let h(w) = -v*w + 561 - 561. What is h(1)?
-20
Let i = 226 + -224. Let z(a) = i*a**3 - 5*a**2 + 94*a - a**3 - 51*a - 2 - 49*a - 3. Give z(6).
-5
Let x(u) be the third derivative of -u**5/60 - 13*u**4/24 - 5*u**3/6 - 2*u**2 + 151*u + 1. Give x(-9).
31
Let u(w) be the third derivative of -101 + w**2 + 1/12*w**4 + 5/6*w**3 - 1/6*w**5 - 1/120*w**6 + 0*w. What is u(-10)?
-15
Let h(w) = -w**3 - 84*w**2 - 2*w - 163. Let l be h(-84). Let s(z) = -7*z + 31. Determine s(l).
-4
Suppose t - 10 = -1. Suppose -3*b = t*b - 108. Let w(q) = 1 + 7*q + q - 9*q + b*q**2. Give w(1).
9
Let s(r) be the first derivative of -r**3 + 23*r**2/2 - r - 4479. Give s(10).
-71
Let s(y) = 1. Let n(v) = -2*v**2 + v + 7. Let u = -97 + 96. Let z(k) = u*n(k) + 5*s(k). Let l be (-1 - 2/1)/(-1). Give z(l).